4 = -3*r + l*s + s, 0 = 2*r + 4*s - 156. What is the units digit of r?
0
Let b be (-22)/(-187) - (-2512)/34. Let m = 1 - 12. Let i = b - m. What is the units digit of i?
5
Let i(n) be the first derivative of 4*n**3/3 - 28*n**2 - 12*n - 107. What is the thousands digit of i(26)?
1
Suppose -366*y = 97*y - 20486824. What is the ten thousands digit of y?
4
Let i(y) = 30*y**2 - 13*y - 39. Let s be i(-4). Let h = -237 + s. What is the hundreds digit of h?
2
Let u(j) = 2557*j - 2426. What is the ten thousands digit of u(25)?
6
Let g(b) = b**3 + 31*b**2 + 42*b + 29. What is the units digit of g(-20)?
9
Let r = -347 - -351. Suppose -r*o + 4*v + 1785 = o, -o + v = -356. What is the hundreds digit of o?
3
Suppose 27277 = 7*b - 22633. What is the units digit of b?
0
Let k(y) = -y**2 + 25*y + 80. Let d be k(24). Suppose 0 = -16*h - 24 + d. Suppose 3*b - 911 = -h*n, 4*b - 6*b - 2*n + 606 = 0. What is the units digit of b?
2
Let d(k) be the second derivative of -22/3*k**3 + 1/4*k**4 + 0*k**2 + 0 + 24*k. What is the tens digit of d(18)?
8
What is the tens digit of (-87588)/(-8) - 3/2?
4
Suppose 218*w - 17007 = 207*w + 483. What is the thousands digit of w?
1
Let d be 0/(18/(-3)) - 46 - 2. Let c = 125 + d. What is the units digit of c?
7
Suppose -4550 = 25*r - 120349 - 75126. What is the tens digit of r?
3
Suppose 1654 = -22*z + 24*z. Suppose 1658 = 2*h + 10*d - 8*d, 0 = -h + d + z. What is the units digit of h?
8
Suppose 402009 + 394479 = 77*z. What is the thousands digit of z?
0
Let x be 8 + (-5)/(-2)*(-16)/10. Suppose 1941 = g - 2*i, -x*g + 3*i + 7728 = 4*i. What is the hundreds digit of g?
9
Let q = 44 + -41. Suppose 0 = -3*b + 2*w + 6, 4*w = -q*b - 7 - 5. Suppose b*u + 85 = 5*u. What is the units digit of u?
7
Let a be (-68)/(-10) - 104/130. Suppose -2*i - 39 - 3 = 0. What is the units digit of ((-172)/a)/((-7)/i + -1)?
3
Suppose 5*o + 35073 = 3*r, r = -494*o + 496*o + 11689. What is the units digit of r?
1
Suppose 33*x - 32*x = 473. Suppose o = -5*g + x, -864 = -2*o - 5*g + 62. What is the tens digit of o?
5
Let b(i) = 846*i**3 + 2*i**2 - 13*i + 10. What is the hundreds digit of b(1)?
8
Suppose 0 = 3*n + 2*d + 60 + 220, -2*n = -d + 175. What is the hundreds digit of (370/(-12))/(15/n)?
1
Let s(w) = 2626*w + 8259. What is the thousands digit of s(5)?
1
Let w = 16733 + -11785. What is the thousands digit of w?
4
Let k(f) = -f**3 - 5*f**2 - 9*f - 1. Let t be k(-3). What is the units digit of ((-54)/(-24) + -2)/(2/t)?
1
Suppose 0 = 23*h - 29*h + 186. Suppose -h*f + 2370 = -26*f. What is the units digit of f?
4
Let r(c) = 20*c**2 + 76*c - 227. What is the units digit of r(3)?
1
Let l = 16568 - 3925. What is the hundreds digit of l?
6
Let i(k) be the first derivative of k**3/3 - k**2/2 + 5*k - 159. What is the units digit of i(-29)?
5
Suppose 15*p - 64*p - 27*p = -1846496. What is the ten thousands digit of p?
2
Suppose -85*f + 91*f = -2826. Let r = 288 - f. What is the tens digit of r?
5
Let x be 3 - ((2 + -4 - 0) + 2). Let b be (-36 + x)*(-4)/6. Let o = 24 - b. What is the units digit of o?
2
Suppose 4*w - 1518 = 6914. Suppose 4*k - l - w = l, k + 4*l = 509. What is the tens digit of k?
2
Let c(k) = 1350*k**2 - 128*k + 3. What is the hundreds digit of c(-5)?
3
Let w(m) = 14*m**2 + 3*m - 72. Let p(b) = 5*b**2 + b - 24. Let i(d) = 17*p(d) - 6*w(d). What is the units digit of i(-7)?
0
Let u = -166 + 74. Let h = u - -198. What is the hundreds digit of -2*(3 - 1)*h/(-2)?
2
Let y be 8/((18/150)/(9/10)). What is the units digit of (-2 - 228)*(-24)/y?
2
Suppose -151 = -8*a - 4631. Let j = a - -2110. What is the thousands digit of j?
1
Suppose 46612 = 3*f + 41*s - 37*s, 0 = -4*f + s + 62124. What is the tens digit of f?
3
Let i = -671 - -681. Let b(a) = 6*a**2 - 38*a + 11. What is the hundreds digit of b(i)?
2
Let h(z) be the second derivative of -z**4/6 - 4*z**3/3 + z**2 - 24*z. Let b be h(-4). Suppose g + 2*m - 43 = 0, b*m + 2 = -0*m. What is the units digit of g?
5
Suppose 3*x - 637 - 227 = 0. Let w = 2165 - 2165. Suppose w = -r + 3*r - x. What is the tens digit of r?
4
Let a(s) = 55*s**2 + 19*s + 7. Let k be a(4). Let l = k + -468. What is the tens digit of l?
9
Suppose 2*p + 1 = -1. Let y be 3 + (-61)/p - -3. Suppose -v + 145 = -y. What is the units digit of v?
2
Suppose 43 - 11 = -4*v. Let w be (-6)/v + (-3)/4. Suppose 4*b - 3*m - 493 = w, m = -b - 0*b + 132. What is the units digit of b?
7
Let b(d) = 3*d**2 + 3*d - 4. Let t be -6 - (-4 - -7)*-1. Let a be t/(-6) - (-14)/4. What is the tens digit of b(a)?
5
Let p(a) = -a**2 + 6*a - 25. Let d be p(7). What is the hundreds digit of (-6648)/9*48/d?
1
Let b be (-2451)/19*(-2)/2. Let t = b + 0. What is the tens digit of t?
2
Let q = -10721 + 22710. What is the tens digit of q?
8
Suppose -4*y = 4, -15673 = -2*i + 4*y + 1679. What is the thousands digit of i?
8
Let z be (18 - 30/6 - 1)*406. Suppose 50*p - 44*p - z = 0. What is the hundreds digit of p?
8
Suppose -108 = -v + 591. Let r = 1070 - v. Suppose 3*g - 3 = 0, -4*q - g + r = -6*g. What is the tens digit of q?
9
Let o = -1323 - -2110. Let v = -386 + o. What is the units digit of v?
1
Suppose g = -g + 3*l + 22, l = -4*g + 16. Suppose -7*b + 596 = -g*b. Suppose 31*w + b = 33*w. What is the units digit of w?
9
Suppose 3*x - a = 244 - 1139, -291 = x - 4*a. Let l = 754 + x. What is the hundreds digit of l?
4
What is the ten thousands digit of (-54099)/2*(39/65)/(27/(-30))?
1
Let b = -14359 + 27940. What is the hundreds digit of b?
5
Suppose r + 5*a - 654 = 0, 0*r - 3*a - 2501 = -4*r. Suppose -w + r = 5*t, t - 625 = -4*t - 5*w. Suppose -4*f + 278 = -t. What is the hundreds digit of f?
1
Let l be (145/10)/(12/72). What is the hundreds digit of (-16*6/36)/((-1)/l)?
2
What is the tens digit of (-468 + 1/1)/((-47)/2585)?
8
Let k = 3931 - 2327. Suppose 0 = -6*j + 2*j + k. What is the units digit of j?
1
Suppose -l = -3*s + 206, 0 = -4*l - 0*l - 3*s - 809. Let u = -34 + -89. Let x = u - l. What is the units digit of x?
0
Let q be (-6)/(-4*6/12). Suppose r + 2*o - 954 + 5 = 0, -2847 = -q*r - 2*o. What is the units digit of r?
9
Let l be (-8 - 76/(-10))*385. What is the units digit of 8/(-16)*l - (-3 + -1)?
1
Suppose -l = 5*a - 8585, -6*a + 2*a - 17142 = -2*l. What is the units digit of l?
5
Suppose 17*h + 28188 = 4*m + 18*h, 0 = 3*m + 5*h - 21124. What is the tens digit of m?
4
Let r = -738 - -678. What is the tens digit of (3*(-2)/9)/(r/3240)?
3
Suppose 8*w + 207886 = 77*w - 100406. What is the thousands digit of w?
4
Let p(k) = -610*k + 1822. What is the tens digit of p(-13)?
5
Suppose -2*a = 2 + 4, -9 = z + 3*a. Suppose 3*r - 5*r = z. Suppose r*c - 4*c = 4*s - 72, 3*c + 5*s = 44. What is the tens digit of c?
2
Let l = -421 + 198. Let b = l + 1193. What is the units digit of b?
0
Let t be (-2 - 22897/(-7))/(-1 + 2). Suppose 31*i - 38*i = -t. What is the units digit of i?
7
Suppose -2*n + 7*a - 4*a + 1454 = 0, -4*n + 4*a = -2904. What is the tens digit of n/7*49/14?
6
Suppose 4*r = 5*q - 180161, 3*r + 81506 = 4*q - 62623. What is the tens digit of q?
3
Suppose -3123 + 248 = -5*b. Let v = -157 + b. What is the units digit of v?
8
Suppose -4*t - 6 = 2*a - 376, 3*t - 281 = -5*a. What is the tens digit of t?
9
Let d(s) = -s**3 + 18*s**2 - 17*s - 43. Let q be d(16). Suppose 2*b + 3*m = q + 4, -5*m = -3*b + 292. What is the tens digit of b?
9
Let o(z) = -3*z**2 - 21*z - 4. Let n(k) = k**2 + 7*k + 1. Let u(l) = 8*n(l) + 3*o(l). Let d be u(-13). Let j = -22 - d. What is the tens digit of j?
6
Let u be -1 - ((-27)/(-6) + 1)*48. Let k be 2 + u - 3*2/(-6). Let d = -176 - k. What is the units digit of d?
6
Let j(m) = -m**2 - 6*m + 24. Let p be j(-8). Suppose 3*t + 570 = p*t. What is the tens digit of t?
1
Let v(i) = -i**2 + 7*i - 12. Let z be v(9). Let n(d) = 2*d + 66. Let f be n(z). Suppose -f*x + 656 = -2*x. What is the units digit of x?
4
Let o(w) = w**3 + 19*w**2 - 113*w - 15. Let k be o(-23). Let x = -30 + k. What is the units digit of x?
8
Suppose 2*v - 3*v + 4 = 0. Let u(y) = 70*y + 2. Let w be u(v). Suppose 3*x - w = 2*c, 0*c = -x + 2*c + 94. What is the units digit of x?
4
What is the units digit of (-23)/(23/4) - (-143560)/((-20)/(-4))?
8
Suppose -5*i + 439 = -x - 296, -458 = -3*i + 4*x. Let d = i - -1066. What is the units digit of d?
2
Let m(o) = 3*o**2 + 12*o - 25. Let 